 -q + 17 = 2*q + 4*l. Suppose -65 = -m - m + g, m - 36 = -q*g. Does 11 divide m?
True
Let u = 894 - 624. Is u a multiple of 44?
False
Suppose 354 = -4*d + 1130. Is d a multiple of 5?
False
Suppose -2*k + 12 - 2 = 0. Suppose -28 = -2*p + 4*x, -k*p + 24 = -3*x - 11. Suppose 0 = p*y - 207 + 55. Is y a multiple of 19?
True
Suppose 4*n = -4*r + 8, 0 = 5*n + 5*r - 4*r - 6. Is 11 a factor of (-3)/(n/4 - (-253)/(-484))?
True
Let l(p) = -p**3 + 11*p**2 + 8*p + 13. Suppose 0 = 4*f + o - 47, 0*f + 4*f - 56 = -4*o. Is 29 a factor of l(f)?
False
Is (-364)/65*(-15)/6*138 a multiple of 54?
False
Suppose 4*s = s - 33. Let g = -14 - s. Is 23 a factor of ((-69)/g)/(-2 + 3)?
True
Let o = 6101 + -3545. Is o a multiple of 12?
True
Let a(q) = -10*q - 1. Suppose -1 = -0*i + i. Is a(i) even?
False
Is 20 a factor of ((-1417)/3)/((-1)/(-9)*-3)?
False
Suppose -12*w = -13*w. Suppose -13*h + 12*h + 158 = w. Does 22 divide h?
False
Suppose -3*v = -2*v - 232. Suppose -5*h - j = -3*j - 318, 0 = -4*h - 4*j + v. Is 40 a factor of h?
False
Let o be (-190)/4*108/(-90). Let a = o + -45. Does 2 divide a?
True
Let y = -242 + 338. Does 4 divide y?
True
Let t be (-5 - -17)/(-2 - -3). Suppose 2*y + t = -y. Is 10 a factor of 4*10/y*-1?
True
Let x = 846 + 436. Is 37 a factor of x?
False
Suppose 4*t - 3217 - 523 = w, -4*w = 2*t - 1852. Does 58 divide t?
False
Let j(o) = -o**2 - 8*o + 11. Let h be j(-9). Suppose 0 = h*x - 6. Suppose -5*s + 4*q = -x*s - 10, s - 3*q = 0. Is s a multiple of 5?
True
Is 8 a factor of ((-4)/(-6))/((26/(-72))/(-13))?
True
Is 46 a factor of (-3 - 1 - -3) + 83*5?
True
Is 2288 + (-7 - -17) + 1 a multiple of 19?
True
Suppose 5*y - 118 = 142. Is 3 a factor of ((-88)/(-6))/(y/78)?
False
Does 25 divide (15/70*-20)/((-1)/35)?
True
Suppose -z - 1 = 56. Let g = z + 99. Does 14 divide g?
True
Let x(b) = -b**2 + 8*b - 6. Let k be x(6). Suppose -33 = -3*o + 3*l, -l - k + 3 = 0. Is o/(-36) + 940/18 a multiple of 13?
True
Suppose 2*i = -f + 44, 2*f + 2*i - 7*i - 133 = 0. Is 9 a factor of f?
True
Let o(z) = -28*z**3 - 5*z**2 - 4*z - 3. Let p be o(-3). Suppose -655 = -4*h - 3*q + 292, -q - p = -3*h. Suppose -5*n + h = -76. Is 28 a factor of n?
False
Let b = -85 - -77. Let u(l) = -l**2 - 10*l + 28. Is 6 a factor of u(b)?
False
Suppose 2*g + 13 = 89. Does 4 divide g?
False
Suppose 2*t - 4*i - 2648 = 0, -4*t + 5*t = i + 1322. Is t a multiple of 20?
True
Let y be (4 - 11) + (0 - -2). Let m = y - -12. Suppose -2*z - 190 = -m*z. Is 19 a factor of z?
True
Let l = -38 + 50. Suppose 5*y + l = 6*y. Does 12 divide y?
True
Let y = -272 - -312. Is y a multiple of 8?
True
Suppose 0 = -3*u - b + 8, u - 24 = -4*u + b. Suppose -51 = -z + 3*f, -3*z = u*f - 59 - 55. Let r = 90 - z. Is 16 a factor of r?
True
Let a(z) = z**2 + 5*z - 10. Let v be a(7). Suppose 3*c + 12 = 0, -2*c - v = 2*o - 0*o. Is 7 a factor of -3 - o - (-1 - -3)?
True
Is 14 a factor of 329*1 + 11/(0 + -11)?
False
Suppose -19*g + 3564 + 8577 = 0. Does 2 divide g?
False
Suppose 3*c + 19 = -5*l, 2*l = 4*c + 3*l - 3. Suppose 1 - 89 = -3*r - c*s, 0 = -2*r + s + 68. Does 32 divide r?
True
Suppose -16 = -b - 6*w + 2*w, 4*b - 77 = -3*w. Suppose 2*u + 2*u - b = 0. Suppose 0 = 2*y - u*k - 34, 0*y + 3*y = 2*k + 51. Is 15 a factor of y?
False
Suppose 8*k - 3*k = 0. Let r be ((-4)/16*k)/(-2). Suppose -3*m + 189 - 27 = r. Does 15 divide m?
False
Let z be 6 + -10 - (-3 - (-4 - 1)). Is (-4)/(12/(-9))*(-152)/z a multiple of 19?
True
Let y(r) = r**3 - 5*r**2 - 21*r - 16. Does 17 divide y(9)?
True
Suppose -3*c - c - 26 = -2*o, -2*o - 4*c - 14 = 0. Let x = o + -6. Let q = x + 41. Does 12 divide q?
False
Suppose -5*v = -2*v - 69. Suppose -v + 8 = -5*n. Suppose 0 = -n*p - 0*p + 69. Is p a multiple of 4?
False
Let c be (-4)/(-18) + (-1650)/135. Let v = 29 + c. Is v a multiple of 5?
False
Let k be 26 + ((-4)/4 - 1). Suppose 0 = 2*o - 8*o + k. Suppose -s = 2*h - 13 - 28, 4*h = o*s - 164. Is s a multiple of 8?
False
Let x(c) = -7*c + 1. Let t be x(-1). Suppose -9*j = -t*j - 5. Suppose 2*q = 4*m - 78, 0 = 2*m - 0*m + j*q - 9. Does 7 divide m?
False
Suppose 0 = 2*s - 2*w + w - 32, 5*w = -4*s + 64. Let m = 60 - s. Is m a multiple of 42?
False
Let x be (18/15)/(3/10). Suppose t = -x*t - 4*h + 184, -t + 4*h = -56. Is t a multiple of 8?
True
Is (-3946)/(-8) - 150/(-200) a multiple of 7?
False
Suppose 2*s + 10 = 0, -47*h - 2*s + 6135 = -42*h. Is 170 a factor of h?
False
Let k = 262 + -231. Is k a multiple of 31?
True
Let l = 564 - 330. Suppose 854 = 5*h + l. Is 31 a factor of h?
True
Let b(n) = -3*n + 15. Let h be b(8). Does 30 divide (1 + (-39)/9)*h?
True
Suppose 2*q - 162 = 310. Is q a multiple of 6?
False
Let s(m) be the second derivative of m**3/3 - 2*m**2 - 3*m. Let k be s(3). Suppose k*y = 43 + 37. Is 20 a factor of y?
True
Let z = -127 + 76. Let h = 29 - z. Is 10 a factor of h?
True
Let b = -23 - -33. Is b a multiple of 2?
True
Let r(i) = 9*i + 7. Let l be r(5). Let f = l - 7. Suppose -2*b + f = -1. Is 6 a factor of b?
False
Let w(r) = -r**3 - 11*r**2 - 10*r + 4. Let j(s) = s**2 - s - 10. Let y be j(0). Let h be w(y). Suppose h*u - 4*x = 16, -6 + 30 = u + 4*x. Does 7 divide u?
False
Let f(h) = 2*h**2 + 3*h - 8. Suppose 5*z - 2*v = -0*v - 35, -5 = -4*z - 5*v. Does 11 divide f(z)?
False
Let y = 49 - 51. Let h(l) = -17*l**3 + 2*l**2 + 2*l + 2. Is h(y) a multiple of 37?
False
Let s be -2 + 0 - 1 - 0. Let w be (45/(-15))/(s/(-10)). Let i(p) = -p**2 - 12*p + 3. Does 11 divide i(w)?
False
Suppose 11*f - 588 = 1898. Is f a multiple of 7?
False
Let a(f) = -8*f + 22. Let y(h) = 9*h - 23. Let q(v) = -5*a(v) - 4*y(v). Let x be q(9). Suppose 37 + x = 5*u. Is u a multiple of 9?
False
Let b(v) = 8*v + 50. Does 25 divide b(0)?
True
Let h be 0 + 2 + 0/5. Suppose -h = -r + 6. Let v = r - -29. Is 24 a factor of v?
False
Suppose -3*o - 43 = -211. Suppose -o*j = -54*j - 236. Does 7 divide j?
False
Let c(u) = u**3 + 15*u**2 - 39*u + 9. Is c(-16) a multiple of 60?
False
Suppose 10 = 2*p - 7*p. Let v = p + 17. Does 9 divide v?
False
Let r(w) = -w**2 + w + 1. Let m be r(-3). Let z = m - -10. Is 13 + (-1 - 0) + z a multiple of 4?
False
Suppose -3*b = 4*m - 4, 4*m + 16 = 4*b - 2*b. Is m/(-3) + (-2800)/(-21) a multiple of 19?
False
Suppose 0 = 9*n - 6*n. Suppose -2*j - 1 - 5 = n. Is 13 a factor of 65/((-1)/3*j)?
True
Suppose -5*v + 97 = -4*x, -v + 5*x + 0 + 11 = 0. Let d be ((-36)/21)/((-3)/v). Suppose d = y + y. Is y a multiple of 3?
True
Suppose -2*t = 2*t + 20. Let z be -1 - (t - (1 + -3)). Suppose i + 5*n - 100 = 0, z*n + 5 = 7*n. Is i a multiple of 22?
False
Let t(v) = -v**3 + 14*v**2 - 11*v - 1. Let i be t(13). Suppose i = 3*r - 47. Does 8 divide r?
True
Let z(q) = -3*q**2 + 194*q + 43. Is 42 a factor of z(55)?
True
Is (10/(-3))/(3/72*-4) a multiple of 9?
False
Let h be 0*(1/(-2))/(-1). Let y = 126 - 128. Let a = h - y. Is 2 a factor of a?
True
Let k = 940 + -598. Is 19 a factor of k?
True
Let u(w) = 110*w + 543. Is u(30) a multiple of 63?
True
Let w(n) = n**2 + 9*n + 10. Let i be w(-8). Suppose i*q = 4*q - 200. Is 6 a factor of (-6)/(5/(q/(-6)))?
False
Let v = -25 + 27. Suppose 4*u - v*f - 3*f - 17 = 0, -17 = u + 3*f. Is 26/u*(-4 + 3) a multiple of 3?
False
Let w(n) = n. Let l(i) = -2*i + 2. Suppose 0 = x - 3*x + 3*c - 1, 5*x + 15 = -5*c. Let j(a) = x*l(a) - 18*w(a). Does 13 divide j(-4)?
True
Let d(t) = t**2 - t - 36. Is 2 a factor of d(-12)?
True
Let m be 3*2*(-18)/(-4). Suppose -5*f + 18 = 4*i, -2*f + 6*f - 10 = -i. Suppose 0 = -u + r + m, -u + 2*r + 21 = -f*r. Is 8 a factor of u?
False
Let n be (-2)/4*6/3. Let i(b) = 4*b**2 - b - 4. Let c be i(-4). Is 21 a factor of c + 2 + 3/n?
True
Let k(q) = q**3 + 4*q**2 + 3*q + 4. Let h be k(-3). Let g(i) = i**2 - 6*i + 8. Let c be g(h). Suppose 0 = 2*a - 6, v + c*a = -2*a + 26. Does 5 divide v?
True
Is 6 a factor of 1*113 - (-1)/7*-35?
True
Suppose -7*z + 1052 - 275 = 0. Does 6 divide z?
False
Suppose -27 + 17 = -2*f. Let o = 31 - f. Does 26 divide o?
True
Suppose 7*o - 298 = -53. Let m = -19 + o. Is m a multiple of 3?
False
Let g = 2352 - 2282. Is g a multiple of 2?
True
Let c(p) = p**3 - 6*p**2 + p + 16. Let u be c(5). Does 4 divide (20 + 13)*u/(-6)?
False
Suppose -w - 3*k = -3, 2*w - 5*k = -2*w + 12. Suppose 6*y - w*y = 30. Is 2 a factor of y?
True
Is 29 a factor of (-7)/(-3)*(5 + 87 + -5)?
True
Let p(z) = -7*z**3 - 2*z**2 + 3